3*f + j = 0, -k + 3*f = 4*k - 125. Calculate the remainder when k is divided by 15.
13
Let r = 29 + 9. Let k(t) = -6*t - 1. Let s be k(-1). Suppose -s*w + 2*w + 39 = 0. Calculate the remainder when r is divided by w.
12
Let y be 1 - 2/(-1) - -1. Let s(w) = w + 4. Let z be s(5). Suppose z = i - y. Calculate the remainder when i is divided by 5.
3
Let j(a) = -a**2 - 13*a + 11. Calculate the remainder when j(-10) is divided by 15.
11
Suppose 78 = w + 4*f, f = -f. Suppose 0 = 4*r - 7*r - 2*k + 101, -4*k - w = -2*r. Let m = r + -21. Calculate the remainder when 26 is divided by m.
12
Let j(v) = 9*v + 1. What is the remainder when j(1) is divided by 2?
0
Let v(k) = 29*k**2 - 2*k - 1. Let x be v(-1). Suppose 2*i + x = i. Let u = 42 + i. Calculate the remainder when 34 is divided by u.
10
Suppose 2*w + 2*w + 5*q = 83, -20 = -w - 2*q. Calculate the remainder when w is divided by 12.
10
Let k(r) = 0*r + 10*r**2 - 3*r + 5 - 9*r**2. What is the remainder when k(-4) is divided by 18?
15
Suppose -4*n + 61 - 9 = 0. Let o(p) = -p**2 + 13*p + 6. Calculate the remainder when 16 is divided by o(n).
4
Suppose 0 = -0*o - 3*o - n + 38, 0 = 5*n - 10. Calculate the remainder when 56 is divided by o.
8
Suppose 5*i + 19 = 3*x, -x + 2*x = 3*i + 9. Suppose -q - 315 = -5*k + 3*q, x*q - 350 = -5*k. Calculate the remainder when k is divided by 23.
21
Suppose 0*v + 24 = 3*v. Calculate the remainder when 30 is divided by v.
6
Let h(t) = 3*t**3 - 14*t**2 - t - 11. What is the remainder when h(6) is divided by 19?
13
Suppose 5*n + 5*t - 3*t + 86 = 0, 2*n + 44 = 4*t. Let u be 4/(-18) - (-68)/n. Calculate the remainder when ((-4)/2)/u*8 is divided by 2.
0
Let p = 58 - -40. What is the remainder when p is divided by 35?
28
Let j(q) = -q**2 + 8*q - 9. Let s(z) = z**2 + 5*z + 6. Let u be s(-5). Let o be j(u). What is the remainder when 2 is divided by (o/(-12))/((-1)/4)?
0
Suppose 3*q = -q - 5*y + 139, q + 5*y = 31. Let x = 52 - q. Let p(k) = 32*k**2 + 2*k + 1. What is the remainder when p(-1) is divided by x?
15
Suppose -3*j + 40 - 4 = 0. Suppose -3*f - 13 = 2*n + 3*n, 2*f = -3*n - 8. What is the remainder when 96/3 + (1 - f) is divided by j?
10
Suppose -2*v = 5*a - 20, -2*v - v + 11 = -2*a. Let m(x) = x - 2. Let c be m(2). Let w = c + a. Calculate the remainder when 2 is divided by w.
0
Let o be (1*-1)/((-3)/(-9)). Let v be 2/8 + (-138)/(-24). Let n = v + o. Calculate the remainder when 5 is divided by n.
2
Let u(m) = m + 1. Let h be u(-1). Suppose h = 3*j - 8*j - 5*z - 5, 0 = 5*z + 20. Suppose -j*o = -o - 34. What is the remainder when 49 is divided by o?
15
Suppose 12 = 2*g - 4. What is the remainder when 608/28 - 6/(-21) is divided by g?
6
Let q = 12 + -8. Suppose 4*r = q*w - 20, -w - w + 4 = r. Suppose 42 = w*t - 0. What is the remainder when 40 is divided by t?
12
Calculate the remainder when 13 is divided by (-3)/2*(-192)/36.
5
Let m = -14 + 29. What is the remainder when 28 is divided by m?
13
Suppose -30 = -3*p - 2*a, 2*p + 2*a = 5*a + 20. Calculate the remainder when 17 is divided by p.
7
Let l = 243 + -92. What is the remainder when l is divided by 19?
18
Let z(h) = -4 - 6*h + h**3 + 8*h + 0 - 4*h**2. What is the remainder when 10 is divided by z(4)?
2
Suppose 0*w - 4*w - 88 = 0. Calculate the remainder when 43 is divided by (-1)/(1/w*1).
21
Let x(v) = -v**3 + 2*v**2 + 2*v + 4. Let q be x(3). Suppose -4 = -2*l + 2*p, -4*l + 5*l - 4*p = -q. What is the remainder when 50 is divided by 49/l - 6/(-9)?
16
Suppose 4*h = 3*g + g - 116, 0 = 4*g - 5*h - 114. Suppose -4*o + 0*b = -4*b - 60, -o + 11 = -5*b. Calculate the remainder when g is divided by o.
15
Suppose -2*d + 3*g = -0*g, 4*g = -5*d. Suppose 4*r - 5*j - 127 = d, -3*j + 1 + 2 = 0. Let x = r - 17. Calculate the remainder when x is divided by 6.
4
Let u(h) = -h**3 + 4*h**2 + 7*h - 4. Suppose r - 15*x - 5 = -20*x, -45 = -5*r - 5*x. Calculate the remainder when r is divided by u(5).
4
Suppose 26 = 4*i + 2*h, -3*i - i = 5*h - 41. Let j be (-6)/i + (-7)/14. What is the remainder when 9 is divided by j/(-7) + (-52)/(-14)?
1
Let o be 4/(-18) + (-868)/(-18). Suppose -8*h + 4*h + o = 0. Suppose 0 = -i - i + 46. Calculate the remainder when i is divided by h.
11
Calculate the remainder when -3 + (1116/12 - (0 - -3)) is divided by 10.
7
Let h(p) = -2*p**2 - 2*p - 1. Let t be h(-3). Let k be 6/(1 - 5/7). Let u = k + t. Calculate the remainder when 23 is divided by u.
7
Let h(b) be the first derivative of -b**4/4 + 2*b**3 - 3*b**2/2 - 2*b - 6. What is the remainder when 45 is divided by h(3)?
13
Let x(w) = -w. Let n = 117 + -112. Calculate the remainder when n is divided by x(-2).
1
Let h = 179 - 136. Calculate the remainder when h is divided by 11.
10
Let q(g) = 3*g**2 - 1. Let z(c) = 4*c - 8 + 9 - c**2 + 0. Calculate the remainder when z(3) is divided by q(-1).
0
Let g(r) = -r**3 - 13*r**2 - r - 3. Calculate the remainder when 19 is divided by g(-13).
9
What is the remainder when 34/(2 - 4/4) is divided by 9?
7
Let u = -109 - -188. What is the remainder when u is divided by 8?
7
Suppose 3*s + r - 56 = -r, 0 = 5*s + r - 84. What is the remainder when ((-94)/4)/(2/(-4)) is divided by s?
15
Suppose 33 = 5*n + 3. Suppose 3*p - n*p = 0. Suppose -i - 8 + 28 = p. What is the remainder when i is divided by 11?
9
Suppose -24 = -5*c + c. Suppose -5*w + c*i + 6 = 3*i, 4*w - 2*i - 6 = 0. Suppose w*x - 13 = 11. What is the remainder when 31 is divided by x?
7
Let h be (0 + -2)/(-2) - -1. Suppose 4*p - h + 42 = 0. Let b = 2 - p. Calculate the remainder when 34 is divided by b.
10
Suppose -2*b = 3*b - 60. Let q(i) be the third derivative of -7*i**6/24 - i**3/6 + 3*i**2. Calculate the remainder when q(-1) is divided by b.
10
Suppose -2*r + 5*r - 118 = -2*c, -4*r - 194 = -3*c. Calculate the remainder when c is divided by 18.
8
Suppose 3*q - 20 - 91 = 0. What is the remainder when 182 is divided by q?
34
Let m = 23 - 16. Calculate the remainder when m is divided by 3.
1
Let o(x) = -x**2 + 10*x + 10. What is the remainder when o(7) is divided by 8?
7
Suppose -7 = 3*q - 4. Calculate the remainder when 71 is divided by (0 + q)*2 - -26.
23
Suppose 33 = f - 5*m - 6, -3*f = -4*m - 62. Calculate the remainder when 153 is divided by f.
13
Let n(q) = -q - 3. Let p be n(-5). Suppose 50 = 5*z + 2*b - 7*b, -24 = -p*z + b. Suppose -3*i = -5*i + z. What is the remainder when i is divided by 3?
1
Let o(p) = p**3 - 12*p**2 + 11*p + 5. Let l be o(11). Suppose l*x - y - 8 = 88, -37 = -2*x - y. What is the remainder when 37 is divided by x?
18
Suppose -92 = -3*f + 4. What is the remainder when f is divided by 11?
10
Let f = 128 + -102. Calculate the remainder when f is divided by 10.
6
Let w(q) = 21*q - 8. What is the remainder when w(2) is divided by 5?
4
Let j be (-48 + -4)/((-2)/4). Let m = -105 + 159. Let k = j - m. Calculate the remainder when k is divided by 13.
11
Let g(r) = r**3 + 5*r**2 - 9*r - 1. Calculate the remainder when 48 is divided by g(-6).
14
Suppose z - 12 = -3*z. Let j = z - -1. Suppose -2*i = -f - 15, -2*i + 0*i + 5*f = -27. What is the remainder when i is divided by j?
2
Let i(n) = 2*n**2 - 4*n + 1. Let p = 1 - 8. Let f(c) = c**3 + 7*c**2 - 2*c - 10. Let x be f(p). What is the remainder when i(x) is divided by 9?
8
Let f(m) = -m**3 - 6*m**2 - 6*m + 6. Suppose -k + 7 + 24 = 0. What is the remainder when k is divided by f(-5)?
9
Let k(v) = 0*v + 0 - 5*v + 1 + 0. Calculate the remainder when 31 is divided by k(-3).
15
Suppose -4*z = -28 - 136. Suppose 4*p - 45 = 43. Calculate the remainder when z is divided by p.
19
Let l(x) = -x**2 + 4. Let p be l(-3). Let j be 4/(-8) + (-10)/(-4). Let y = j - p. What is the remainder when 12 is divided by y?
5
Let s = 69 + -59. What is the remainder when s is divided by 3?
1
Calculate the remainder when 23 is divided by (-4)/(-4) + 13 + -2.
11
Let v be -1*(1 + -3 + 2). Suppose 0 = 5*d - 3*d - 6. Suppose v = d*z - 6 - 15. Calculate the remainder when z is divided by 4.
3
Calculate the remainder when (-1018)/(-14) - (60/35)/(-6) is divided by 15.
13
Let n(x) = -6 - 2*x + x**2 + x**2 + 0*x**2 + 4. Let g be n(2). Calculate the remainder when (-1101)/(-27) - g/(-9) is divided by 14.
13
What is the remainder when 40 is divided by 660/54 + -5 + 2/(-9)?
5
Suppose 2*r + 2*m - 12 = -3*r, 2*m + 6 = 4*r. Calculate the re